
What is the hundred thousands digit of 192631312?
6
What is the hundreds digit of 98761802?
8
What is the millions digit of 830135623?
0
What is the units digit of 213650544?
4
What is the thousands digit of 1414947805?
7
What is the ten millions digit of 1669017033?
6
What is the ten millions digit of 3061038632?
6
What is the thousands digit of 113434796?
4
What is the ten thousands digit of 44970227?
7
What is the hundred thousands digit of 68171638?
1
What is the thousands digit of 159834217?
4
What is the ten millions digit of 65435101?
6
What is the tens digit of 817721013?
1
What is the ten millions digit of 1251130242?
5
What is the tens digit of 787667865?
6
What is the ten thousands digit of 69177387?
7
What is the hundreds digit of 502105938?
9
What is the thousands digit of 24088425?
8
What is the tens digit of 31339098?
9
What is the thousands digit of 11036722?
6
What is the thousands digit of 98096392?
6
What is the tens digit of 4450107307?
0
What is the thousands digit of 21993163?
3
What is the units digit of 22588482?
2
What is the thousands digit of 70824892?
4
What is the hundred millions digit of 137535636?
1
What is the units digit of 59420479?
9
What is the millions digit of 292417983?
2
What is the hundreds digit of 46025690?
6
What is the thousands digit of 25727470?
7
What is the hundred millions digit of 459164198?
4
What is the thousands digit of 5802648992?
8
What is the tens digit of 3760134729?
2
What is the hundred thousands digit of 4068379757?
3
What is the thousands digit of 237586944?
6
What is the thousands digit of 501671997?
1
What is the millions digit of 29688166?
9
What is the tens digit of 331197408?
0
What is the hundred millions digit of 1807895276?
8
What is the hundred thousands digit of 271841601?
8
What is the tens digit of 124035860?
6
What is the ten thousands digit of 1654157576?
5
What is the millions digit of 19818687?
9
What is the thousands digit of 130804972?
4
What is the billions digit of 3552125717?
3
What is the hundred thousands digit of 3916673378?
6
What is the units digit of 48319079?
9
What is the hundreds digit of 469632859?
8
What is the thousands digit of 3992801863?
1
What is the hundred thousands digit of 45947192?
9
What is the units digit of 445746733?
3
What is the ten millions digit of 178863558?
7
What is the tens digit of 48602433?
3
What is the ten thousands digit of 188383577?
8
What is the tens digit of 1747981082?
8
What is the ten millions digit of 634398881?
3
What is the tens digit of 8115363?
6
What is the millions digit of 252872585?
2
What is the hundreds digit of 1171745136?
1
What is the ten thousands digit of 19515244?
1
What is the billions digit of 1547436536?
1
What is the units digit of 141060911?
1
What is the units digit of 59467964?
4
What is the millions digit of 95786356?
5
What is the hundred thousands digit of 4593224?
5
What is the hundreds digit of 3922150554?
5
What is the tens digit of 211405382?
8
What is the hundred thousands digit of 128345504?
3
What is the ten thousands digit of 133653185?
5
What is the units digit of 187806321?
1
What is the ten thousands digit of 4398476002?
7
What is the thousands digit of 902727393?
7
What is the millions digit of 10158785?
0
What is the billions digit of 3829676796?
3
What is the thousands digit of 55399598?
9
What is the ten millions digit of 71017716?
7
What is the thousands digit of 2364967086?
7
What is the ten thousands digit of 2365077907?
7
What is the ten millions digit of 8256793318?
5
What is the millions digit of 286931819?
6
What is the hundreds digit of 32233759?
7
What is the billions digit of 2721616827?
2
What is the thousands digit of 12702906?
2
What is the hundred thousands digit of 142001884?
0
What is the thousands digit of 968376489?
6
What is the units digit of 429019712?
2
What is the tens digit of 325947064?
6
What is the hundred millions digit of 217061074?
2
What is the thousands digit of 17353164?
3
What is the tens digit of 102079667?
6
What is the ten millions digit of 165941728?
6
What is the ten thousands digit of 4625961609?
6
What is the ten thousands digit of 138493385?
9
What is the ten millions digit of 111206658?
1
What is the thousands digit of 48674521?
4
What is the tens digit of 43364209?
0
What is the ten thousands digit of 2209891296?
9
What is the tens digit of 1104176053?
5
What is the tens digit of 384170739?
3
What is the tens digit of 27174470?
7
What is the hundred millions digit of 127916019?
1
What is the hundreds digit of 211745721?
7
What is the units digit of 4200327550?
0
What is the ten thousands digit of 66710237?
1
What is the tens digit of 2544417208?
0
What is the ten millions digit of 325260695?
2
What is the hundred thousands digit of 1053282434?
2
What is the thousands digit of 119968592?
8
What is the hundred millions digit of 253944731?
2
What is the thousands digit of 6744732989?
2
What is the ten millions digit of 101833679?
0
What is the ten thousands digit of 1159349523?
4
What is the tens digit of 1016970017?
1
What is the ten thousands digit of 2240517036?
1
What is the thousands digit of 3494125294?
5
What is the tens digit of 9299702?
0
What is the hundred thousands digit of 3553577929?
5
What is the tens digit of 2687847691?
9
What is the hundred thousands digit of 86511203?
5
What is the tens digit of 48282444?
4
What is the units digit of 45985648?
8
What is the units digit of 217112933?
3
What is the units digit of 14551160?
0
What is the ten thousands digit of 77857790?
5
What is the tens digit of 654627870?
7
What is the hundred thousands digit of 18532163?
5
What is the millions digit of 768017097?
8
What is the hundreds digit of 21378266?
2
What is the ten millions digit of 1286101094?
8
What is the hundreds digit of 969670372?
3
What is the hundred thousands digit of 35560856?
5
What is the hundreds digit of 6461258?
2
What is the ten millions digit of 230572438?
3
What is the ten millions digit of 292959386?
9
What is the hundred millions digit of 437277969?
4
What is the thousands digit of 107782535?
2
What is the units digit of 304290653?
3
What is the ten thousands digit of 32121445?
2
What is the ten millions digit of 64828855?
6
What is the hundreds digit of 156831175?
1
What is the millions digit of 77863740?
7
What is the hundreds digit of 116744487?
4
What is the thousands digit of 225618182?
8
What is the ten thousands digit of 37929253?
2
What is the ten thousands digit of 867445403?
4
What is the units digit of 4866638?
8
What is the ten thousands digit of 4392978116?
7
What is the hundreds digit of 636017681?
6
What is the units digit of 98929513?
3
What is the millions digit of 58972011?
8
What is the hundreds digit of 316236298?
2
What is the hundreds digit of 28284114?
1
What is the ten millions digit of 29297093?
2
What is the millions digit of 3406970825?
6
What is the thousands digit of 2820748?
0
What is the hundred thousands digit of 1601213?
6
What is the hundreds digit of 33722897?
8
What is the ten millions digit of 343460835?
4
What is the hundred thousands digit of 48543031?
5
What is the ten millions digit of 44529604?
4
What is the ten thousands digit of 169011560?
1
What is the units digit of 177435957?
7
What is the millions digit of 466470945?
6
What is the millions digit of 1654943425?
4
What is the millions digit of 68007972?
8
What is the hundred thousands digit of 292434664?
4
What is the billions digit of 1175184846?
1
What is the hundred thousands digit of 44611970?
6
What is the ten millions digit of 267150451?
6
What is the units digit of 564425564?
4
What is the ten thousands digit of 53595689?
9
What is the tens digit of 35959011?
1
What is the units digit of 916679827?
7
What is the hundreds digit of 64034293?
2
What is the tens digit of 634955607?
0
What is the ten millions digit of 17182535?
1
What is the hundred thousands digit of 120731088?
7
What is the hundred millions digit of 108893866?
1
What is the units digit of 294120290?
0
What is the tens digit of 4368425594?
9
What is the thousands digit of 10268835?
8
What is the hundred thousands digit of 157113984?
1
What is the ten millions digit of 459763146?
5
What is the units digit of 9418789?
9
What is the hund